{"id":1054,"date":"2021-10-09T15:46:05","date_gmt":"2021-10-09T19:46:05","guid":{"rendered":"https:\/\/www.bolivaryfreud.net\/web\/?page_id=1054"},"modified":"2026-04-17T13:52:37","modified_gmt":"2026-04-17T17:52:37","slug":"instructuvos-proceso-de-inscripcion","status":"publish","type":"page","link":"https:\/\/www.bolivaryfreud.net\/web\/?page_id=1054","title":{"rendered":"Instructivos para Inscripciones"},"content":{"rendered":"\t\t<div data-elementor-type=\"wp-page\" data-elementor-id=\"1054\" class=\"elementor elementor-1054\" data-elementor-settings=\"{&quot;ha_cmc_init_switcher&quot;:&quot;no&quot;}\">\n\t\t\t\t\t\t<section class=\"has_eae_slider elementor-section elementor-top-section elementor-element elementor-element-acf14a4 elementor-section-boxed elementor-section-height-default elementor-section-height-default wpr-particle-no wpr-jarallax-no wpr-parallax-no wpr-sticky-section-no jltma-glass-effect-no wpr-equal-height-no\" data-eae-slider=\"58926\" data-id=\"acf14a4\" data-element_type=\"section\" data-e-type=\"section\" data-settings=\"{&quot;_ha_eqh_enable&quot;:false}\">\n\t\t\t\t\t\t<div class=\"elementor-container elementor-column-gap-default\">\n\t\t\t\t\t<div class=\"has_eae_slider elementor-column elementor-col-100 elementor-top-column elementor-element elementor-element-2bcba06 jltma-glass-effect-no\" data-eae-slider=\"76647\" data-id=\"2bcba06\" data-element_type=\"column\" data-e-type=\"column\" data-settings=\"{&quot;background_background&quot;:&quot;classic&quot;}\">\n\t\t\t<div class=\"elementor-widget-wrap elementor-element-populated\">\n\t\t\t\t\t\t<section class=\"has_eae_slider elementor-section elementor-inner-section elementor-element elementor-element-d93cfab elementor-section-boxed elementor-section-height-default elementor-section-height-default wpr-particle-no wpr-jarallax-no wpr-parallax-no wpr-sticky-section-no jltma-glass-effect-no wpr-equal-height-no\" data-eae-slider=\"22652\" data-id=\"d93cfab\" data-element_type=\"section\" data-e-type=\"section\" data-settings=\"{&quot;_ha_eqh_enable&quot;:false}\">\n\t\t\t\t\t\t<div class=\"elementor-container elementor-column-gap-default\">\n\t\t\t\t\t<div class=\"has_eae_slider elementor-column elementor-col-50 elementor-inner-column elementor-element elementor-element-7357d70 jltma-glass-effect-no\" data-eae-slider=\"19509\" data-id=\"7357d70\" data-element_type=\"column\" data-e-type=\"column\">\n\t\t\t<div class=\"elementor-widget-wrap elementor-element-populated\">\n\t\t\t\t\t\t<div class=\"elementor-element elementor-element-9d83806 jltma-glass-effect-no elementor-widget elementor-widget-heading\" data-id=\"9d83806\" data-element_type=\"widget\" data-e-type=\"widget\" data-widget_type=\"heading.default\">\n\t\t\t\t<div class=\"elementor-widget-container\">\n\t\t\t\t\t<h2 class=\"elementor-heading-title elementor-size-large\">Instructivos para poder Participar en el Proceso de Inscripciones.\n<br>\n<i style=\"color: #99948C;font-size: 0.7em\">\nEsta secci\u00f3n est\u00e1 dedicada a suministrar toda la informaci\u00f3n previa al llenado de nuestro formulario de SOLICITUD DE CUPOS y formulario de INSCRIPCI\u00d3N. Es importante que los lea detenidamente antes de iniciar cualquiera de los formularios...\n<\/i><\/h2>\t\t\t\t<\/div>\n\t\t\t\t<\/div>\n\t\t\t\t\t<\/div>\n\t\t<\/div>\n\t\t\t\t<div class=\"has_eae_slider elementor-column elementor-col-50 elementor-inner-column elementor-element elementor-element-f0c8543 jltma-glass-effect-no\" data-eae-slider=\"69782\" data-id=\"f0c8543\" data-element_type=\"column\" data-e-type=\"column\">\n\t\t\t<div class=\"elementor-widget-wrap elementor-element-populated\">\n\t\t\t\t\t\t<div class=\"elementor-element elementor-element-7cc6d62 flotar-derecha jltma-glass-effect-no elementor-widget elementor-widget-image\" data-id=\"7cc6d62\" data-element_type=\"widget\" data-e-type=\"widget\" data-widget_type=\"image.default\">\n\t\t\t\t<div class=\"elementor-widget-container\">\n\t\t\t\t\t\t\t\t\t\t\t\t\t\t\t<img decoding=\"async\" width=\"150\" height=\"150\" src=\"https:\/\/www.bolivaryfreud.net\/web\/wp-content\/uploads\/2021\/08\/descargarpdf-150x150.png\" class=\"attachment-thumbnail size-thumbnail wp-image-8\" alt=\"\" \/>\t\t\t\t\t\t\t\t\t\t\t\t\t\t\t<\/div>\n\t\t\t\t<\/div>\n\t\t\t\t\t<\/div>\n\t\t<\/div>\n\t\t\t\t\t<\/div>\n\t\t<\/section>\n\t\t\t\t<div class=\"elementor-element elementor-element-79d51fe elementor-widget-divider--view-line jltma-glass-effect-no elementor-widget elementor-widget-divider\" data-id=\"79d51fe\" data-element_type=\"widget\" data-e-type=\"widget\" data-widget_type=\"divider.default\">\n\t\t\t\t<div class=\"elementor-widget-container\">\n\t\t\t\t\t\t\t<div class=\"elementor-divider\">\n\t\t\t<span class=\"elementor-divider-separator\">\n\t\t\t\t\t\t<\/span>\n\t\t<\/div>\n\t\t\t\t\t\t<\/div>\n\t\t\t\t<\/div>\n\t\t\t\t\t<\/div>\n\t\t<\/div>\n\t\t\t\t\t<\/div>\n\t\t<\/section>\n\t\t\t\t<section class=\"has_eae_slider elementor-section elementor-top-section elementor-element elementor-element-2e2d20f elementor-section-boxed elementor-section-height-default elementor-section-height-default wpr-particle-no wpr-jarallax-no wpr-parallax-no wpr-sticky-section-no jltma-glass-effect-no wpr-equal-height-no\" data-eae-slider=\"46757\" data-id=\"2e2d20f\" data-element_type=\"section\" data-e-type=\"section\" data-settings=\"{&quot;_ha_eqh_enable&quot;:false}\">\n\t\t\t\t\t\t<div class=\"elementor-container elementor-column-gap-default\">\n\t\t\t\t\t<div class=\"has_eae_slider elementor-column elementor-col-100 elementor-top-column elementor-element elementor-element-4886908 jltma-glass-effect-no\" data-eae-slider=\"96667\" data-id=\"4886908\" data-element_type=\"column\" data-e-type=\"column\">\n\t\t\t<div class=\"elementor-widget-wrap elementor-element-populated\">\n\t\t\t\t\t\t<div class=\"elementor-element elementor-element-23a7a87 jltma-glass-effect-no elementor-widget elementor-widget-spacer\" data-id=\"23a7a87\" data-element_type=\"widget\" data-e-type=\"widget\" data-widget_type=\"spacer.default\">\n\t\t\t\t<div class=\"elementor-widget-container\">\n\t\t\t\t\t\t\t<div class=\"elementor-spacer\">\n\t\t\t<div class=\"elementor-spacer-inner\"><\/div>\n\t\t<\/div>\n\t\t\t\t\t\t<\/div>\n\t\t\t\t<\/div>\n\t\t\t\t\t<\/div>\n\t\t<\/div>\n\t\t\t\t\t<\/div>\n\t\t<\/section>\n\t\t\t\t<section class=\"has_eae_slider elementor-section elementor-top-section elementor-element elementor-element-2823e08 elementor-section-full_width elementor-section-height-default elementor-section-height-default wpr-particle-no wpr-jarallax-no wpr-parallax-no wpr-sticky-section-no jltma-glass-effect-no wpr-equal-height-no\" data-eae-slider=\"74900\" data-id=\"2823e08\" data-element_type=\"section\" data-e-type=\"section\" data-settings=\"{&quot;background_background&quot;:&quot;classic&quot;,&quot;_ha_eqh_enable&quot;:false}\">\n\t\t\t\t\t\t<div class=\"elementor-container elementor-column-gap-default\">\n\t\t\t\t\t<div class=\"has_eae_slider elementor-column elementor-col-100 elementor-top-column elementor-element elementor-element-b7367ec jltma-glass-effect-no\" data-eae-slider=\"85378\" data-id=\"b7367ec\" data-element_type=\"column\" data-e-type=\"column\">\n\t\t\t<div class=\"elementor-widget-wrap elementor-element-populated\">\n\t\t\t\t\t\t<section class=\"has_eae_slider elementor-section elementor-inner-section elementor-element elementor-element-552742c elementor-section-full_width elementor-hidden-desktop elementor-hidden-tablet elementor-hidden-mobile elementor-section-height-default elementor-section-height-default wpr-particle-no wpr-jarallax-no wpr-parallax-no wpr-sticky-section-no jltma-glass-effect-no wpr-equal-height-no\" data-eae-slider=\"71467\" data-id=\"552742c\" data-element_type=\"section\" data-e-type=\"section\" data-settings=\"{&quot;_ha_eqh_enable&quot;:false}\">\n\t\t\t\t\t\t<div class=\"elementor-container elementor-column-gap-default\">\n\t\t\t\t\t<div class=\"has_eae_slider elementor-column elementor-col-100 elementor-inner-column elementor-element elementor-element-63e1a0f jltma-glass-effect-no\" data-eae-slider=\"77444\" data-id=\"63e1a0f\" data-element_type=\"column\" data-e-type=\"column\" data-settings=\"{&quot;background_background&quot;:&quot;classic&quot;}\">\n\t\t\t<div class=\"elementor-widget-wrap elementor-element-populated\">\n\t\t\t\t\t\t<div class=\"elementor-element elementor-element-451f14f jltma-glass-effect-no elementor-widget elementor-widget-text-editor\" data-id=\"451f14f\" data-element_type=\"widget\" data-e-type=\"widget\" data-widget_type=\"text-editor.default\">\n\t\t\t\t<div class=\"elementor-widget-container\">\n\t\t\t\t\t\t\t\t\t<p style=\"text-align: center;\">M\u00f3dulo Inhabilitado hasta <strong>NUEVO AVISO<\/strong>.<\/p><p style=\"text-align: center;\">Mant\u00e9ngase atento a los pr\u00f3ximos anuncios relacionados a nuestro proceso de <strong>Inscripciones y Solicitud de Cupos<\/strong><\/p>\t\t\t\t\t\t\t\t<\/div>\n\t\t\t\t<\/div>\n\t\t\t\t\t<\/div>\n\t\t<\/div>\n\t\t\t\t\t<\/div>\n\t\t<\/section>\n\t\t\t\t<section class=\"has_eae_slider elementor-section elementor-inner-section elementor-element elementor-element-695019d elementor-section-full_width elementor-section-height-default elementor-section-height-default wpr-particle-no wpr-jarallax-no wpr-parallax-no wpr-sticky-section-no jltma-glass-effect-no wpr-equal-height-no\" data-eae-slider=\"47901\" data-id=\"695019d\" data-element_type=\"section\" data-e-type=\"section\" data-settings=\"{&quot;_ha_eqh_enable&quot;:false}\">\n\t\t\t\t\t\t<div class=\"elementor-container elementor-column-gap-default\">\n\t\t\t\t\t<div class=\"has_eae_slider elementor-column elementor-col-33 elementor-inner-column elementor-element elementor-element-da84b19 jltma-glass-effect-no\" data-eae-slider=\"5955\" data-id=\"da84b19\" data-element_type=\"column\" data-e-type=\"column\">\n\t\t\t<div class=\"elementor-widget-wrap elementor-element-populated\">\n\t\t\t\t\t\t<div class=\"elementor-element elementor-element-a1a5ae2 jltma-glass-effect-no elementor-widget elementor-widget-exad-exclusive-card\" data-id=\"a1a5ae2\" data-element_type=\"widget\" data-e-type=\"widget\" data-widget_type=\"exad-exclusive-card.default\">\n\t\t\t\t<div class=\"elementor-widget-container\">\n\t\t\t\t\t\r\n\t\t<div class=\"exad-card center default yes\">\r\n\t\t\t\t        \t<div class=\"exad-card-thumb\">\r\n\t\t\t\t\t<img fetchpriority=\"high\" decoding=\"async\" width=\"1232\" height=\"727\" src=\"https:\/\/www.bolivaryfreud.net\/web\/wp-content\/uploads\/2020\/10\/fondo_descargas_pdf_def.png\" class=\"attachment-full size-full wp-image-520\" alt=\"\" srcset=\"https:\/\/www.bolivaryfreud.net\/web\/wp-content\/uploads\/2020\/10\/fondo_descargas_pdf_def.png 1232w, https:\/\/www.bolivaryfreud.net\/web\/wp-content\/uploads\/2020\/10\/fondo_descargas_pdf_def-300x177.png 300w, https:\/\/www.bolivaryfreud.net\/web\/wp-content\/uploads\/2020\/10\/fondo_descargas_pdf_def-1024x604.png 1024w, https:\/\/www.bolivaryfreud.net\/web\/wp-content\/uploads\/2020\/10\/fondo_descargas_pdf_def-768x453.png 768w, https:\/\/www.bolivaryfreud.net\/web\/wp-content\/uploads\/2020\/10\/fondo_descargas_pdf_def-559x330.png 559w, https:\/\/www.bolivaryfreud.net\/web\/wp-content\/uploads\/2020\/10\/fondo_descargas_pdf_def-270x159.png 270w\" sizes=\"(max-width: 1232px) 100vw, 1232px\" \/>\t\t\t\t<\/div>\r\n\t\t\t\t\t\t\t<div class=\"exad-card-badge\">\r\n\t\t\t\t\tINSTRUCTIVOS PARA  INCRIPCIONES\t\t\t\t<\/div>\r\n\t\t\t\t\r\n          \t<div class=\"exad-card-body\">\r\n\t\t\t  \t\t          \t\t<a class=\"exad-card-title\" href=\"https:\/\/www.bolivaryfreud.net\/web\/wp-content\/uploads\/2026\/04\/INSTRUCTIVO-NUEVOS-INGRESOS-2026-2027.pdf\" target=\"_blank\">\r\n\t            \t\t<span>INSTRUCTIVO PARA ALUMNOS NUEVO INGRESO\t\t\t\t\t\t<\/span>\r\n\t        \t\t<\/a>\r\n\t\t\t\t\t<div class=\"exad-card-description\"><i style=\"text-align: justify !important\">Este instructivo define las directrices para poder llevar a cabo el proceso de inscripciones por parte de nuevos solicitantes de cupo en nuestra instituci\u00f3n.<\/i><\/div>\t\t\t\t\t<a class=\"exad-card-action\" href=\"https:\/\/www.bolivaryfreud.net\/web\/wp-content\/uploads\/2026\/04\/INSTRUCTIVO-NUEVOS-INGRESOS-2026-2027.pdf\" target=\"_blank\">\r\n\t\t\t\t\t\t\t\t\t\t\t\t\t<span class=\"exad-button-icon-wrapper icon_pos_left\">\r\n\t\t\t\t\t\t\t\t<i class=\"far fa-file-pdf\"><\/i>\t\t\t\t\t\t\t<\/span>\r\n\t\t\t\t\t\t\r\n\t\t\t\t\t\t<span>\r\n\t\t\t\t\t\t\tVER O DESCARGAR\t\t\t\t\t\t<\/span>\r\n\r\n\t\t\t\t\t\t\t            \t<\/a>\r\n\t\t\t\t          \t<\/div>\r\n        <\/div>\r\n\t\t\t\t\t<\/div>\n\t\t\t\t<\/div>\n\t\t\t\t\t<\/div>\n\t\t<\/div>\n\t\t\t\t<div class=\"has_eae_slider elementor-column elementor-col-33 elementor-inner-column elementor-element elementor-element-25bd74b jltma-glass-effect-no\" data-eae-slider=\"25385\" data-id=\"25bd74b\" data-element_type=\"column\" data-e-type=\"column\">\n\t\t\t<div class=\"elementor-widget-wrap elementor-element-populated\">\n\t\t\t\t\t\t<div class=\"elementor-element elementor-element-9b8e583 elementor-hidden-desktop elementor-hidden-tablet elementor-hidden-mobile jltma-glass-effect-no elementor-widget elementor-widget-exad-exclusive-card\" data-id=\"9b8e583\" data-element_type=\"widget\" data-e-type=\"widget\" data-widget_type=\"exad-exclusive-card.default\">\n\t\t\t\t<div class=\"elementor-widget-container\">\n\t\t\t\t\t\r\n\t\t<div class=\"exad-card center default yes\">\r\n\t\t\t\t        \t<div class=\"exad-card-thumb\">\r\n\t\t\t\t\t<img fetchpriority=\"high\" decoding=\"async\" width=\"1232\" height=\"727\" src=\"https:\/\/www.bolivaryfreud.net\/web\/wp-content\/uploads\/2020\/10\/fondo_descargas_pdf_def.png\" class=\"attachment-full size-full wp-image-520\" alt=\"\" srcset=\"https:\/\/www.bolivaryfreud.net\/web\/wp-content\/uploads\/2020\/10\/fondo_descargas_pdf_def.png 1232w, https:\/\/www.bolivaryfreud.net\/web\/wp-content\/uploads\/2020\/10\/fondo_descargas_pdf_def-300x177.png 300w, https:\/\/www.bolivaryfreud.net\/web\/wp-content\/uploads\/2020\/10\/fondo_descargas_pdf_def-1024x604.png 1024w, https:\/\/www.bolivaryfreud.net\/web\/wp-content\/uploads\/2020\/10\/fondo_descargas_pdf_def-768x453.png 768w, https:\/\/www.bolivaryfreud.net\/web\/wp-content\/uploads\/2020\/10\/fondo_descargas_pdf_def-559x330.png 559w, https:\/\/www.bolivaryfreud.net\/web\/wp-content\/uploads\/2020\/10\/fondo_descargas_pdf_def-270x159.png 270w\" sizes=\"(max-width: 1232px) 100vw, 1232px\" \/>\t\t\t\t<\/div>\r\n\t\t\t\t\t\t\t<div class=\"exad-card-badge\">\r\n\t\t\t\t\tINSTRUCTIVOS PARA  INCRIPCIONES\t\t\t\t<\/div>\r\n\t\t\t\t\r\n          \t<div class=\"exad-card-body\">\r\n\t\t\t  \t\t          \t\t<a class=\"exad-card-title\" href=\"https:\/\/www.bolivaryfreud.net\/web\/wp-content\/uploads\/2025\/06\/INSTRUCTIVO_REINSCRIPCION_ALUMNOS_REGULARES_2025-2026.pdf\" target=\"_blank\">\r\n\t            \t\t<span>INSTRUCTIVO PARA REINSCRIPCION DE ALUMNOS REGULARES\t\t\t\t\t\t<\/span>\r\n\t        \t\t<\/a>\r\n\t\t\t\t\t<div class=\"exad-card-description\"><i style=\"text-align: justify !important\">Este instructivo define las directrices para poder llevar a cabo el proceso de inscripciones para estudiantes que ya forman parte de nuestra comunidad.<\/i><\/div>\t\t\t\t\t<a class=\"exad-card-action\" href=\"https:\/\/www.bolivaryfreud.net\/web\/wp-content\/uploads\/2025\/06\/INSTRUCTIVO_REINSCRIPCION_ALUMNOS_REGULARES_2025-2026.pdf\" target=\"_blank\">\r\n\t\t\t\t\t\t\t\t\t\t\t\t\t<span class=\"exad-button-icon-wrapper icon_pos_left\">\r\n\t\t\t\t\t\t\t\t<i class=\"far fa-file-pdf\"><\/i>\t\t\t\t\t\t\t<\/span>\r\n\t\t\t\t\t\t\r\n\t\t\t\t\t\t<span>\r\n\t\t\t\t\t\t\tVER O DESCARGAR\t\t\t\t\t\t<\/span>\r\n\r\n\t\t\t\t\t\t\t            \t<\/a>\r\n\t\t\t\t          \t<\/div>\r\n        <\/div>\r\n\t\t\t\t\t<\/div>\n\t\t\t\t<\/div>\n\t\t\t\t\t<\/div>\n\t\t<\/div>\n\t\t\t\t<div class=\"has_eae_slider elementor-column elementor-col-33 elementor-inner-column elementor-element elementor-element-4325c1f jltma-glass-effect-no\" data-eae-slider=\"23048\" data-id=\"4325c1f\" data-element_type=\"column\" data-e-type=\"column\">\n\t\t\t<div class=\"elementor-widget-wrap elementor-element-populated\">\n\t\t\t\t\t\t<div class=\"elementor-element elementor-element-73215f5 elementor-hidden-desktop elementor-hidden-tablet elementor-hidden-mobile jltma-glass-effect-no elementor-widget elementor-widget-exad-exclusive-card\" data-id=\"73215f5\" data-element_type=\"widget\" data-e-type=\"widget\" data-widget_type=\"exad-exclusive-card.default\">\n\t\t\t\t<div class=\"elementor-widget-container\">\n\t\t\t\t\t\r\n\t\t<div class=\"exad-card center default yes\">\r\n\t\t\t\t        \t<div class=\"exad-card-thumb\">\r\n\t\t\t\t\t<img fetchpriority=\"high\" decoding=\"async\" width=\"1232\" height=\"727\" src=\"https:\/\/www.bolivaryfreud.net\/web\/wp-content\/uploads\/2020\/10\/fondo_descargas_pdf_def.png\" class=\"attachment-full size-full wp-image-520\" alt=\"\" srcset=\"https:\/\/www.bolivaryfreud.net\/web\/wp-content\/uploads\/2020\/10\/fondo_descargas_pdf_def.png 1232w, https:\/\/www.bolivaryfreud.net\/web\/wp-content\/uploads\/2020\/10\/fondo_descargas_pdf_def-300x177.png 300w, https:\/\/www.bolivaryfreud.net\/web\/wp-content\/uploads\/2020\/10\/fondo_descargas_pdf_def-1024x604.png 1024w, https:\/\/www.bolivaryfreud.net\/web\/wp-content\/uploads\/2020\/10\/fondo_descargas_pdf_def-768x453.png 768w, https:\/\/www.bolivaryfreud.net\/web\/wp-content\/uploads\/2020\/10\/fondo_descargas_pdf_def-559x330.png 559w, https:\/\/www.bolivaryfreud.net\/web\/wp-content\/uploads\/2020\/10\/fondo_descargas_pdf_def-270x159.png 270w\" sizes=\"(max-width: 1232px) 100vw, 1232px\" \/>\t\t\t\t<\/div>\r\n\t\t\t\t\t\t\t<div class=\"exad-card-badge\">\r\n\t\t\t\t\tCONTRATOS\t\t\t\t<\/div>\r\n\t\t\t\t\r\n          \t<div class=\"exad-card-body\">\r\n\t\t\t  \t\t          \t\t<a class=\"exad-card-title\" href=\"https:\/\/www.bolivaryfreud.net\/web\/wp-content\/uploads\/2025\/06\/CONTRATO_DE_SERVICIOS_2025-2026.pdf\" target=\"_blank\">\r\n\t            \t\t<span>LEER LAS CLAUSULAS DE NUESTRO CONTRATO DE SERVICIOS\t\t\t\t\t\t<\/span>\r\n\t        \t\t<\/a>\r\n\t\t\t\t\t<div class=\"exad-card-description\"><i style=\"text-align: justify !important\">Antes de proceder a continuar con el proceso de inscripciones primero conozca las obligaciones y compromisos que usted asume como representante.<\/i><\/div>\t\t\t\t\t<a class=\"exad-card-action\" href=\"https:\/\/www.bolivaryfreud.net\/web\/wp-content\/uploads\/2025\/06\/CONTRATO_DE_SERVICIOS_2025-2026.pdf\" target=\"_blank\">\r\n\t\t\t\t\t\t\t\t\t\t\t\t\t<span class=\"exad-button-icon-wrapper icon_pos_left\">\r\n\t\t\t\t\t\t\t\t<i class=\"far fa-file-pdf\"><\/i>\t\t\t\t\t\t\t<\/span>\r\n\t\t\t\t\t\t\r\n\t\t\t\t\t\t<span>\r\n\t\t\t\t\t\t\tVER O DESCARGAR\t\t\t\t\t\t<\/span>\r\n\r\n\t\t\t\t\t\t\t            \t<\/a>\r\n\t\t\t\t          \t<\/div>\r\n        <\/div>\r\n\t\t\t\t\t<\/div>\n\t\t\t\t<\/div>\n\t\t\t\t\t<\/div>\n\t\t<\/div>\n\t\t\t\t\t<\/div>\n\t\t<\/section>\n\t\t\t\t\t<\/div>\n\t\t<\/div>\n\t\t\t\t\t<\/div>\n\t\t<\/section>\n\t\t\t\t<section class=\"has_eae_slider elementor-section elementor-top-section elementor-element elementor-element-be5fe80 elementor-section-boxed elementor-section-height-default elementor-section-height-default wpr-particle-no wpr-jarallax-no wpr-parallax-no wpr-sticky-section-no jltma-glass-effect-no wpr-equal-height-no\" data-eae-slider=\"98258\" data-id=\"be5fe80\" data-element_type=\"section\" data-e-type=\"section\" data-settings=\"{&quot;_ha_eqh_enable&quot;:false}\">\n\t\t\t\t\t\t<div class=\"elementor-container elementor-column-gap-default\">\n\t\t\t\t\t<div class=\"has_eae_slider elementor-column elementor-col-100 elementor-top-column elementor-element elementor-element-4dcb328 jltma-glass-effect-no\" data-eae-slider=\"23602\" data-id=\"4dcb328\" data-element_type=\"column\" data-e-type=\"column\">\n\t\t\t<div class=\"elementor-widget-wrap elementor-element-populated\">\n\t\t\t\t\t\t<div class=\"elementor-element elementor-element-47ec3d6 jltma-glass-effect-no elementor-widget elementor-widget-spacer\" data-id=\"47ec3d6\" data-element_type=\"widget\" data-e-type=\"widget\" data-widget_type=\"spacer.default\">\n\t\t\t\t<div class=\"elementor-widget-container\">\n\t\t\t\t\t\t\t<div class=\"elementor-spacer\">\n\t\t\t<div class=\"elementor-spacer-inner\"><\/div>\n\t\t<\/div>\n\t\t\t\t\t\t<\/div>\n\t\t\t\t<\/div>\n\t\t\t\t\t<\/div>\n\t\t<\/div>\n\t\t\t\t\t<\/div>\n\t\t<\/section>\n\t\t\t\t<\/div>\n\t\t","protected":false},"excerpt":{"rendered":"<p>Instructivos para poder Participar en el Proceso de Inscripciones. Esta secci\u00f3n est\u00e1 dedicada a suministrar toda la informaci\u00f3n previa al llenado de nuestro formulario de SOLICITUD DE CUPOS y formulario de INSCRIPCI\u00d3N. Es importante que los lea detenidamente antes de iniciar cualquiera de los formularios&#8230; M\u00f3dulo Inhabilitado hasta NUEVO AVISO. Mant\u00e9ngase atento a los pr\u00f3ximos anuncios relacionados a nuestro proceso de Inscripciones y Solicitud de Cupos INSTRUCTIVOS PARA INCRIPCIONES INSTRUCTIVO PARA ALUMNOS NUEVO INGRESO Este instructivo define las directrices para poder llevar a cabo el proceso de inscripciones por parte de nuevos solicitantes de cupo en nuestra instituci\u00f3n. VER O DESCARGAR INSTRUCTIVOS PARA INCRIPCIONES INSTRUCTIVO PARA REINSCRIPCION DE ALUMNOS REGULARES Este instructivo define las directrices para poder llevar a cabo el proceso de inscripciones para estudiantes que ya forman parte de nuestra comunidad. VER O DESCARGAR CONTRATOS LEER LAS CLAUSULAS DE NUESTRO CONTRATO DE SERVICIOS Antes de proceder a continuar con el proceso de inscripciones primero conozca las obligaciones y compromisos que usted asume como representante. VER O DESCARGAR<\/p>\n","protected":false},"author":1,"featured_media":0,"parent":0,"menu_order":0,"comment_status":"closed","ping_status":"closed","template":"elementor_canvas","meta":{"footnotes":""},"class_list":["post-1054","page","type-page","status-publish","hentry"],"_links":{"self":[{"href":"https:\/\/www.bolivaryfreud.net\/web\/index.php?rest_route=\/wp\/v2\/pages\/1054","targetHints":{"allow":["GET"]}}],"collection":[{"href":"https:\/\/www.bolivaryfreud.net\/web\/index.php?rest_route=\/wp\/v2\/pages"}],"about":[{"href":"https:\/\/www.bolivaryfreud.net\/web\/index.php?rest_route=\/wp\/v2\/types\/page"}],"author":[{"embeddable":true,"href":"https:\/\/www.bolivaryfreud.net\/web\/index.php?rest_route=\/wp\/v2\/users\/1"}],"replies":[{"embeddable":true,"href":"https:\/\/www.bolivaryfreud.net\/web\/index.php?rest_route=%2Fwp%2Fv2%2Fcomments&post=1054"}],"version-history":[{"count":132,"href":"https:\/\/www.bolivaryfreud.net\/web\/index.php?rest_route=\/wp\/v2\/pages\/1054\/revisions"}],"predecessor-version":[{"id":5678,"href":"https:\/\/www.bolivaryfreud.net\/web\/index.php?rest_route=\/wp\/v2\/pages\/1054\/revisions\/5678"}],"wp:attachment":[{"href":"https:\/\/www.bolivaryfreud.net\/web\/index.php?rest_route=%2Fwp%2Fv2%2Fmedia&parent=1054"}],"curies":[{"name":"wp","href":"https:\/\/api.w.org\/{rel}","templated":true}]}}